
-16
Let f(t) = t**3 - 5*t**2 + t + 9. Calculate f(5).
14
Let r(a) = 4*a - 61. Give r(15).
-1
Let j(g) = g**3 + 18*g**2 - 23*g + 7. Calculate j(-19).
83
Let z(y) = -y**3 - 6*y**2 + 3. Give z(-4).
-29
Let h(f) = 2*f**2 - 5*f - 4. Give h(7).
59
Let p(l) = l**2 + 14*l + 40. What is p(-10)?
0
Let s(t) = -t**3 - 28*t**2 + 4*t + 98. Calculate s(-28).
-14
Let d(r) = -r**2 + 6*r. Give d(6).
0
Let y(a) = -a**3 - 2*a**2 - 5*a - 83. Calculate y(0).
-83
Let y(d) = -3*d - 18. Calculate y(-9).
9
Let x(z) = -5*z - 5. Give x(-1).
0
Let z(u) = -2*u - 6. Give z(-8).
10
Let q(v) = -v**3 + 6*v**2 + 3*v - 27. What is q(4)?
17
Let t(a) = 3*a**2 - 15*a + 1. What is t(5)?
1
Let p(s) = s**2 - 6*s - 8. What is p(0)?
-8
Let l(t) = 8*t + 3. Give l(-6).
-45
Let a(h) = h**2 - 14*h - 38. Determine a(-6).
82
Let r(s) = s**3 + 11*s**2 - 12*s + 5. What is r(-12)?
5
Let r(s) = s**3 + 9*s**2 - 9*s + 17. What is r(-10)?
7
Let x(p) = p**3 - 16*p**2 - 3*p + 25. Give x(16).
-23
Let l(k) = -k**2 + 6*k - 5. Determine l(7).
-12
Let i(b) = -b**3 - 5*b**2 + 8*b + 20. Calculate i(-6).
8
Let f(n) = n**3 - n**2 + n - 1. Calculate f(3).
20
Let n(v) = -v**3 + 12*v**2 - 6*v - 4. What is n(11)?
51
Let k(n) = 14*n**2 + 29*n + 1. What is k(-2)?
-1
Let c(d) = d**2 - 24*d + 39. Determine c(23).
16
Let u(v) = 11*v. What is u(4)?
44
Let i(l) = 7*l**3 - 4*l**2 + 3*l. Give i(2).
46
Let v(n) = -3*n - 2. Determine v(3).
-11
Let s(v) = 19*v - 105. Determine s(6).
9
Let u(f) = f**2 - 16*f - 34. What is u(18)?
2
Let j(g) = -g**3 + 10*g**2 - 8*g - 9. Give j(9).
0
Let m(f) = f**2 + 28*f - 20. Determine m(-29).
9
Let m(o) = o**3 - 13*o**2 + 27*o - 22. Determine m(11).
33
Let q(s) = s**2 + 14*s + 7. Calculate q(-14).
7
Let d(r) = -20*r - 177. Calculate d(-9).
3
Let s(h) = -18*h - 41. Calculate s(-6).
67
Let l(b) = -b - 4. Calculate l(14).
-18
Let y(q) = 3*q**2 + 2*q + 1. What is y(0)?
1
Let w(b) = -b**2 + 9. Give w(4).
-7
Let y(p) = -15*p - 1. Determine y(1).
-16
Let n(f) = f**2 + 39*f + 107. Determine n(-36).
-1
Let k(l) = 11*l - 47. Give k(7).
30
Let i(a) = -a**3 - 4*a**2 - 4*a - 3. Calculate i(-2).
-3
Let i(t) = 2*t**2 + 2*t - 3. What is i(3)?
21
Let w(o) = 2*o**2 + o + 12. Give w(4).
48
Let u(g) = -6*g + 1. Calculate u(2).
-11
Let v(u) = -u**2 + 26*u - 26. Calculate v(23).
43
Let o(p) = p**2 - 11*p - 6. Determine o(11).
-6
Let i(l) = 2*l**2 - 9*l - 7. Give i(9).
74
Let m(w) = -2*w**2 - 13*w + 5. What is m(-6)?
11
Let j(s) = -63*s**2 + s - 2. Determine j(1).
-64
Let v(w) = -w - 9. Determine v(-7).
-2
Let l(t) = -t**2 - t + 4. Calculate l(-4).
-8
Let k(f) = -f**2 + 64*f - 292. What is k(59)?
3
Let c(l) = -l**2 + 9*l - 4. What is c(10)?
-14
Let s(z) = -z**3 - 16*z**2 - 29*z - 11. Give s(-14).
3
Let d(s) = -s**3 + 8*s**2 + 4*s - 7. Give d(8).
25
Let l(k) = -k**2 + 5. Give l(-4).
-11
Let o(i) = 9*i - 5. Determine o(4).
31
Let z(u) = u**3 + 14*u**2 - 14*u + 8. Determine z(-15).
-7
Let l(y) = y**3 + 5*y - 5. Determine l(2).
13
Let i(y) = 4*y - 122. Calculate i(31).
2
Let k(j) = -14*j - 119. Give k(-13).
63
Let a(r) = 11*r**2 - r. Determine a(1).
10
Let v(z) = -z**3 - 8*z**2 - 12*z + 13. What is v(-5)?
-2
Let u(n) = -n**3 - 5*n**2 - 9*n + 2. Determine u(-4).
22
Let d(f) = f**3 + 15*f**2 + 15*f + 9. Give d(-14).
-5
Let f(t) = t**2 - 3*t + 9. Determine f(3).
9
Let r(g) = -3*g - 17. Calculate r(-7).
4
Let h(q) = -4*q + 21. Give h(8).
-11
Let m(w) = -5*w**2 + 10*w. Calculate m(2).
0
Let x(c) = c**2 + 31*c - 2. Give x(-31).
-2
Let d(c) = 6*c + 4. What is d(7)?
46
Let x(p) = -11*p + 2. What is x(2)?
-20
Let l(q) = -q**2 - 16*q - 2. Calculate l(-14).
26
Let g(j) = -j**3 + 2*j**2 + 3*j + 7. What is g(4)?
-13
Let z(i) = i**2 - 25*i - 57. Give z(27).
-3
Let h(u) = u**2 - 17*u - 12. Determine h(18).
6
Let o(p) = 12*p - 2. Give o(-2).
-26
Let o(r) = -r**2 - 51*r - 258. Give o(-45).
12
Let v(h) = h**2 - 5*h - 47. Give v(-4).
-11
Let h(t) = t + 2. Calculate h(-2).
0
Let q(l) = l**2 - 13*l + 4. Give q(12).
-8
Let i(q) = -2*q**3 - 15*q**2 - 7*q - 8. What is i(-7)?
-8
Let n(l) = -l**2 + 2*l + 8. Give n(12).
-112
Let v(t) = t**2 - 16*t + 11. Give v(16).
11
Let l(r) = 2*r**2 + 6*r - 42. Give l(-6).
-6
Let y(f) = 2*f**3 + 3*f**2 + 3*f. Give y(-3).
-36
Let m(q) = 3*q**2 + q - 1. What is m(1)?
3
Let i(w) = -w**3 - 7*w**2 - 5*w + 8. Give i(-3).
-13
Let r(h) = h**3 - 8*h**2 + 8*h - 1. What is r(7)?
6
Let g(y) = 2*y**2 + 28*y - 27. Give g(-15).
3
Let t(q) = q**3 + 7*q**2 + 2*q - 3. Give t(-7).
-17
Let i(k) = 59*k**3. What is i(-1)?
-59
Let t(i) = -i - 2. Calculate t(3).
-5
Let h(q) = -q**3 + 14*q**2 + 17*q + 19. Calculate h(15).
49
Let d(x) = -4*x + 5. Determine d(7).
-23
Let v(t) = t**3 + 10*t**2 + 13*t - 34. Calculate v(-8).
-10
Let z(s) = -s**3 + 29*s**2 + 29*s + 24. Calculate z(30).
-6
Let h(m) = m**2 + 2*m - 5. Calculate h(4).
19
Let t(j) = j**3 - 2*j**2 - 5*j - 1. Give t(4).
11
Let q(r) = -r**3 - 12*r**2 - 2*r - 31. What is q(-12)?
-7
Let l(r) = 4*r - 84. What is l(22)?
4
Let k(c) = -7*c - 13. What is k(-16)?
99
Let u(y) = y**3 + 16*y**2 - y + 16. What is u(-16)?
32
Let m(i) = i**3 + 7*i**2 + 6*i + 46. Calculate m(-7).
4
Let c(w) = -2*w**2 - 3*w - 3. What is c(-4)?
-23
Let w(i) = 5*i**3 - 31*i**2 + 8*i - 14. Determine w(6).
-2
Let a(u) = u - 2. What is a(8)?
6
Let m(q) = q**3 - 4*q**2 - 2*q - 16. Calculate m(5).
-1
Let v(r) = -r + 8. Determine v(2).
6
Let z(f) = 3*f + 46. What is z(-16)?
-2
Let o(k) = -k**3 + 11*k**2 + 27*k + 3. Calculate o(13).
16
Let y(i) = -14*i - 1. What is y(-2)?
27
Let y(m) = m - 21. Determine y(16).
-5
Let c(g) = -11*g + 209. Give c(19).
0
Let c(n) = -n**3 + 21*n**2 + 21*n + 27. Calculate c(22).
5
Let s(b) = -4*b - 7. Determine s(-5).
13
Let s(c) = -c**3 + 63*c**2 - 120*c - 115. Give s(61).
7
Let u(z) = -2*z**2 - z + 17. Give u(-7).
-74
Let j(t) = -22*t - 109. What is j(-5)?
1
Let q(x) = -31*x - 42. Give q(-2).
20
Let p(n) = -n**2 + 17*n - 73. Give p(7).
-3
Let k(b) = -3*b - 9. Determine k(2).
-15
Let b(q) = q**2 - 2*q - 15. Give b(8).
33
Let q(k) = -k**3 - 5*k**2 + 2*k - 11. Calculate q(-6).
13
Let s(n) = -3*n**2 - 28*n + 14. Calculate s(-10).
-6
Let f(z) = -z**3 - 23*z**2 - 22*z + 25. Give f(-22).
25
Let j(k) = k**2 + 50*k + 10. Determine j(0).
10
Let c(x) = x**3 + 14*x**2 + 9*x + 7. Calculate c(-13).
59
Let u(b) = b**3 + 6*b**2 + 6*b. Calculate u(-5).
-5
Let d(q) = -q**2 - 18*q - 1. Give d(-16).
31
Let n(q) = q**3 - 19*q**2 + 35*q - 39. Give n(17).
-22
Let a(k) = -2*k**3 - 3*k**2 - 2*k - 2. Calculate a(-2).
6
Let k(a) = -a**3 - 11*a**2 - 11*a - 1. What is k(-9)?
-64
Let h(g) = -9*g**3 + 4*g**2 - 3*g + 1. What is h(2)?
-61
Let l(m) = -m**3 + 3*m**2 + 3*m + 2. What is l(4)?
-2
Let k(v) = 4*v - 99. What is k(23)?
-7
Let b(q) = -q**3 + 22*q**2 - 18*q - 50. Determine b(21).
13
Let k(b) = 19*b + 98. What is k(-6)?
-16
Let a(y) = 2*y + 35. What is a(-13)?
9
Let z(p) = p**3 + 10*p**2 - 11*p - 11. Determine z(-11).
-11
Let n(r) = r**3 + 5*r**2 + 2*r + 7. What is n(-5)?
-3
Let w(p) = p**3 - 3*p**2 - 2*p + 3. What is w(2)?
-5
Let v(h) = -h**3 + 12*h**2 - 8*h - 36. Calculate v(11).
-3
Let v(q) = -q**2 - q + 15. Give v(5).
-15
Let o(m) = m**3 - m**2 - m + 13. What is o(0)?
13
Let d(h) = -3*h + 2. Determine d(6).
-16
Let f(j) = 12*j - 182. What is f(16)?
10
Let r(s) = -39*s**3 + s**2 + s. Calculate r(-1).
39
Let n(p) = p**3 + 12*p**2 - 15*p - 6. Determine n(-13).
20
Let q(j) = -24*j + 4. Give q(0).
4
Let g(z) = 2*z**2 - 13*z + 4. What is g(7)?
11
Let f(y) = -46*y**3 + y. Give f(-1).
45
Let w(a) = a**3 + 14*a**2 + 3. What is w(-14)?
3
Let g(k) = 2*k - 3. Calculate g(5).
7
Let c(k) = -k**3 - 6*k**2 - k - 3. Calculate c(-6).
3
Let l(h) = 2*h**2 + 24*h - 3. Calculate l(-15).
87
Let l(v) = -v**3 - 4*v**2 - 6*v - 31. Calculate l(-4).
-7
Let y(x) = x**3 - x**2. Calculate y(3).
18
Let r(q) = -q**2 - 10*q - 4. Give r(-9).
5
Let h(d) = -9*d - 21. Give h(-3).
6
Let d(f) = 3*f**3 - 54*f**2 - 21. What is d(18)?
-21
Let j(g) = -g**3 + g**2 + g. What is j(1)?
1
Let u(d) = 108*d - 5. Give u(1).
103
Let n(x) = -x**3 - 8*x**2 + 7*x + 8. Determine n(-8).
-48
Let c(m) = m**2 + m - 3. Calculate c(4).
17
Let z(q) = 2*q**3 - 4*q + 1. Give z(-3).
-41
Let h(a) = -14*a**2 - 3*a - 2. Determine h(-2).
-52
Let h(q) = q**2 - 15*q + 44. What is h(9)?
-10
Let n(l) = -l**3 + 3*l**2 - 2*l + 4. Determine n(4).
-20
Let u(w) = -5*w - 23. Determine u(-7